(2/(-2) + 10). Let r be p*((-9)/5 + 1). What is the greatest common divisor of s and r?
4
Suppose -5*m + 224 = 2*y, -3*y + y + 3*m + 192 = 0. Let s = y - 70. Calculate the highest common factor of s and 4.
4
Let m = 1 + 5. What is the highest common factor of 6 and m?
6
Suppose -2 = -4*u + 6. Suppose 3*t + h = 34, t = -u*h + 6*h + 20. Let o = 8 - 0. Calculate the highest common factor of t and o.
4
Let p(b) = -b - 2. Suppose 2*z - 6 = 4*k + 14, -6 = 3*k + 3*z. Let i be p(k). Calculate the highest common factor of 4 and i.
2
Suppose v = -3 + 6. Let c(w) = -2 - w - 3 + 4 + 3*w. Let x be c(1). Calculate the greatest common factor of v and x.
1
Let m(r) = -r**3 + 5*r**2 - 5*r + 4. Let j be m(4). Let u = j - 4. Let c be (-18 - -2)*2/u. Calculate the highest common divisor of 88 and c.
8
Suppose -5*f + 20 = 0, -5*g - f + 2*f - 4 = 0. Suppose -a + 6*a - 90 = g. What is the highest common divisor of 162 and a?
18
Let t(w) = 254*w - 4. Let r be t(1). Calculate the highest common divisor of 25 and r.
25
Let r(o) = 7*o**2 - 3*o + 35. Let p be r(4). What is the highest common factor of p and 54?
27
Let t(z) = -z**3 - 21*z**2 - 23*z - 29. Let o be t(-20). Calculate the highest common divisor of 31 and o.
31
Let n be (8 + -8)*(-2)/(-4). Suppose n*b - 1 = -b. Let f be ((-2)/(-4))/(2/32). Calculate the greatest common factor of f and b.
1
Let v = 16 - -83. Calculate the greatest common factor of v and 66.
33
Suppose 1224 = 16*u + 2*u. Calculate the highest common factor of 102 and u.
34
Suppose 2*b + 2*b - 512 = 0. What is the greatest common factor of b and 16?
16
Let o(w) = -w**3 - 12*w**2 - 11*w + 14. Let q be o(-11). Calculate the highest common factor of q and 14.
14
Suppose 0*i = -5*i - 5*n, -4*i + 5*n + 36 = 0. What is the greatest common divisor of 6 and i?
2
Suppose 0 = -5*i + t + 146 - 31, i - 5*t = 23. Suppose 0 = 2*u + 2*y + y - 37, -4*u + 4*y + 104 = 0. Calculate the greatest common divisor of i and u.
23
Let d = 165 - 155. Calculate the highest common divisor of d and 25.
5
Suppose 0 = -2*m - 6, 2*v - 4 - 65 = -m. Let f(r) = -r**3 - 5*r**2 - 6*r - 4. Let x = -2 + -2. Let z be f(x). Calculate the highest common factor of z and v.
4
Suppose 2*y = -y + 60. What is the greatest common factor of y and 40?
20
Let r(t) = -t + 5. Let k be r(-15). Calculate the highest common factor of k and 10.
10
Suppose -s = -3*s + 66. Let x be (-1 - s/(-9))*3. What is the greatest common divisor of x and 48?
8
Suppose 15 = -q - 4*q, 4*z = -3*q - 1. Suppose 5*o + 2*x = 184, 0*x + z*x = -2*o + 76. Let f = 17 + -8. What is the greatest common divisor of o and f?
9
Suppose 136 = 3*d + b + b, b = 3*d - 121. Suppose d = a - 28. Let f(l) = -4*l - 2. Let z be f(-3). What is the greatest common factor of a and z?
10
Suppose 0 = -4*c - c + 65. Suppose -k = -2*k + 13. Calculate the highest common divisor of c and k.
13
Let a be (-4 + 1 - 2)/(-1). Suppose 4*x - 144 = k, 2*x - 6*k - 82 = -3*k. Calculate the greatest common factor of x and a.
5
Suppose -3*a + 9 = 4*u - 0*u, 3 = u + a. Suppose u = 4*r - 2*f - 64, -2*f = -3*r - 0*f + 46. What is the highest common factor of r and 6?
6
Suppose 4*b - 5*q + 4*q = 15, 0 = 4*b + 3*q - 19. Calculate the greatest common factor of 28 and b.
4
Suppose -4*k = 2*t + t + 5, 0 = -5*t - k - 31. Let u be (-2)/t - 304/(-14). Suppose -2*n + 18 + u = 0. What is the highest common factor of 8 and n?
4
Suppose n - 8 = -0*n. Suppose 3*k - 4*w + 307 = 0, 4*k - k + 323 = -4*w. Let h be 2*k/(-6) - 3. What is the greatest common factor of h and n?
8
Suppose 5*a = 2*c + 2082, -4*c + 5 = 9. Calculate the highest common factor of a and 13.
13
Suppose 5 = 2*i + 1. Suppose -i*s = -s - 12. Suppose 2*n + s = 3*n. What is the greatest common factor of n and 96?
12
Let z = -3 + 8. Suppose b - z*n = -17, -4*n = -0*b - b - 12. What is the highest common factor of 20 and b?
4
Let f(y) = -y**3 + 3*y**2 - 3*y + 2. Let b be f(2). Suppose -60 = -n - 5*p, b*p + 12 = -3*p. Calculate the highest common factor of n and 16.
16
Suppose -142 = -3*d - 7. What is the highest common divisor of d and 5?
5
Let h be (-6)/(-4)*(-12)/(-6). Let n(v) = 24*v. Let m be n(h). What is the highest common divisor of 9 and m?
9
Let k(t) = t - 4. Let v be k(3). Let f be 115*v/(-1) + 2. What is the highest common divisor of f and 13?
13
Let q(j) = 3*j**2 - 3*j - 2. Let o be q(-2). Suppose -y - y + 3*x + o = 0, -x + 18 = y. Calculate the highest common divisor of y and 28.
14
Suppose 3*h - 102 = 3*t, -2*h - 2*t + 41 + 19 = 0. Suppose 2*k + 2*k + h = 0. Let z = k - -18. What is the greatest common divisor of z and 70?
10
Suppose -2*h + 0*y = 5*y - 50, -4*h + 86 = 3*y. Let d = -2 - 2. Let i = d + h. Calculate the greatest common divisor of 24 and i.
8
Suppose -f = -3*f + 2. Suppose 3 = h - 5. Suppose -2*b - h = -4*b. Calculate the greatest common divisor of b and f.
1
Let h = 17 - 14. Suppose 4*b - 2*t - 239 = 3*t, h*b = 4*t + 180. Calculate the greatest common factor of b and 14.
14
Suppose 6*w - w = 1130. Let k = w + -114. What is the highest common factor of 14 and k?
14
Suppose y - 21 = -2*y. Let m(a) = a + 28. Let i be m(0). What is the highest common factor of y and i?
7
Let w = -1 + 3. Suppose k = -k + 6. Suppose j - 32 = -k*j. Calculate the greatest common divisor of j and w.
2
Let o be 6/(-4)*(-4)/3. Suppose 2*w - 3*v = 101, w = -o*w - 5*v + 142. Let d be 9 - (-2 - (-2 + -2)). Calculate the greatest common divisor of d and w.
7
Let g be 22/4 + 6/12. Suppose -i = -g - 22. What is the greatest common factor of 7 and i?
7
Suppose -35 = -2*r + 23. Calculate the greatest common divisor of 116 and r.
29
Let v(a) = a**2 + a + 2. Let g be v(0). What is the greatest common factor of g and 2?
2
Let f = 31 + -29. Calculate the highest common divisor of f and 2.
2
Let m be 35/14*16/10. Calculate the greatest common factor of m and 20.
4
Let z = 2 + -3. Let c be -1*(z - (18 + -3)). What is the greatest common divisor of c and 48?
16
Let h be (-1)/(-3)*-2*6. Let s(a) = -6*a + 6. Let i be s(h). Calculate the greatest common divisor of 60 and i.
30
Let u be 4/((-3)/9*-6). Calculate the greatest common factor of u and 14.
2
Let n(b) = 3 - 3*b**2 + 2*b**2 - 2 - 5 + 9*b. Let g be n(7). Let w be ((-20)/(-3))/(4/18). What is the greatest common divisor of w and g?
10
Let s(a) = -a - 9. Let v be s(-14). Suppose -2*i = -v*g + 42 + 71, g - 4*i - 37 = 0. Calculate the highest common divisor of 3 and g.
3
Suppose -2*f + z = -115, 5*f - 2*z = 3*f + 110. Suppose -f = -2*n - 3*n. Calculate the greatest common factor of 6 and n.
6
Suppose -d - 4*l + 25 = 0, -l = -2 - 0. Suppose a + 4*q = 5*a - 280, -a + 5*q = -78. Suppose -u - 3*u = -a. What is the greatest common divisor of u and d?
17
Suppose 17 = -8*b + 193. Calculate the highest common divisor of 22 and b.
22
Let v be 1 + -2 - 78*-1. Let s(g) be the first derivative of 7*g**2/2 - 3*g + 2. Let o be s(2). What is the highest common divisor of o and v?
11
Suppose 0*t + t + 7 = 0. Let d = -1 - t. Suppose z = 5*r + 23, -4*r + 4 = 8. Calculate the highest common divisor of z and d.
6
Let x = 193 + -85. Calculate the highest common divisor of x and 54.
54
Suppose -3*b - r = 3 - 10, 0 = 5*r + 25. Suppose -2 = -2*q + 2*p, p - 3 = 5*q - 12. Calculate the greatest common divisor of b and q.
2
Suppose 0*z = -z + 36. Let k be (z/(-24))/((-2)/24). What is the highest common divisor of 18 and k?
18
Let t be (-2 - -3)/(4/20). Suppose -f - r = 3*f - 48, t*f - 60 = 4*r. Suppose 4 = 2*m - m + p, m - f = p. What is the highest common divisor of m and 32?
8
Let t be (-3 - 1)*(-1)/2. Let i(y) = 11*y - 5 + 5 + y**t + 10 - 3*y. Let s be i(-7). Calculate the greatest common divisor of s and 21.
3
Suppose 23*x - 110 = 18*x. What is the highest common divisor of x and 198?
22
Suppose -1 + 7 = 2*i. Let s = i - 0. Suppose -4*y = -s*y + 1, y - 55 = -4*g. Calculate the greatest common divisor of g and 35.
7
Suppose 306 = n + 9. Calculate the highest common factor of 27 and n.
27
Suppose g = 69 - 1. Calculate the highest common factor of g and 17.
17
Let v be 12/(-42) + (-300)/(-21). What is the highest common factor of 21 and v?
7
Let x(w) = 4*w + 2. Let y be x(-5). Let t = y + 30. Calculate the highest common factor of t and 12.
12
Suppose 17 = -3*b + 287. Calculate the greatest common factor